he thousands digit of 1554896?
4
What is the hundreds digit of 11215424?
4
What is the tens digit of 5335276?
7
What is the units digit of 1086754?
4
What is the thousands digit of 1467280?
7
What is the tens digit of 4193778?
7
What is the hundred thousands digit of 160351?
1
What is the thousands digit of 17341201?
1
What is the ten thousands digit of 1389951?
8
What is the tens digit of 692046?
4
What is the tens digit of 294736?
3
What is the units digit of 1206620?
0
What is the ten thousands digit of 218281?
1
What is the tens digit of 1058477?
7
What is the tens digit of 16511748?
4
What is the hundred thousands digit of 5705711?
7
What is the ten thousands digit of 14276?
1
What is the hundred thousands digit of 2724434?
7
What is the units digit of 5579088?
8
What is the hundreds digit of 2603700?
7
What is the hundreds digit of 431189?
1
What is the thousands digit of 9665301?
5
What is the tens digit of 483430?
3
What is the millions digit of 1290145?
1
What is the millions digit of 34143358?
4
What is the units digit of 180301?
1
What is the ten thousands digit of 612934?
1
What is the hundred thousands digit of 251166?
2
What is the thousands digit of 27038934?
8
What is the units digit of 412752?
2
What is the thousands digit of 134346?
4
What is the hundreds digit of 817284?
2
What is the millions digit of 1806741?
1
What is the thousands digit of 2992693?
2
What is the hundred thousands digit of 1058670?
0
What is the thousands digit of 524437?
4
What is the tens digit of 8233982?
8
What is the ten thousands digit of 274805?
7
What is the ten thousands digit of 9526496?
2
What is the ten thousands digit of 291349?
9
What is the tens digit of 700887?
8
What is the thousands digit of 247553?
7
What is the hundreds digit of 426343?
3
What is the units digit of 6179768?
8
What is the units digit of 1767055?
5
What is the units digit of 841368?
8
What is the tens digit of 655581?
8
What is the hundreds digit of 9273198?
1
What is the hundreds digit of 2090056?
0
What is the units digit of 1561653?
3
What is the thousands digit of 1222349?
2
What is the hundreds digit of 714503?
5
What is the units digit of 256070?
0
What is the millions digit of 4486654?
4
What is the thousands digit of 913183?
3
What is the hundreds digit of 4774414?
4
What is the ten millions digit of 19560902?
1
What is the thousands digit of 27040484?
0
What is the hundred thousands digit of 119600?
1
What is the hundreds digit of 771632?
6
What is the units digit of 2348082?
2
What is the ten thousands digit of 149205?
4
What is the thousands digit of 105825?
5
What is the ten thousands digit of 232244?
3
What is the units digit of 4539633?
3
What is the units digit of 19614059?
9
What is the thousands digit of 43863?
3
What is the hundred thousands digit of 4111174?
1
What is the millions digit of 4686978?
4
What is the ten thousands digit of 201899?
0
What is the millions digit of 1208433?
1
What is the ten thousands digit of 370371?
7
What is the hundreds digit of 741130?
1
What is the ten thousands digit of 614218?
1
What is the millions digit of 1262147?
1
What is the tens digit of 6204227?
2
What is the hundreds digit of 14331411?
4
What is the tens digit of 16750743?
4
What is the ten thousands digit of 151065?
5
What is the millions digit of 2486218?
2
What is the thousands digit of 4583716?
3
What is the hundred thousands digit of 19720005?
7
What is the units digit of 583280?
0
What is the thousands digit of 7621323?
1
What is the tens digit of 1643379?
7
What is the thousands digit of 23196046?
6
What is the tens digit of 668757?
5
What is the tens digit of 310792?
9
What is the hundreds digit of 5233444?
4
What is the millions digit of 9491466?
9
What is the hundred thousands digit of 6266851?
2
What is the hundred thousands digit of 1205810?
2
What is the ten thousands digit of 295414?
9
What is the ten millions digit of 13579509?
1
What is the hundreds digit of 710729?
7
What is the units digit of 173010?
0
What is the ten thousands digit of 2396584?
9
What is the hundreds digit of 846410?
4
What is the units digit of 17584288?
8
What is the ten thousands digit of 577481?
7
What is the tens digit of 93107?
0
What is the hundreds digit of 71941?
9
What is the hundred thousands digit of 196863?
1
What is the thousands digit of 3379195?
9
What is the hundreds digit of 4764824?
8
What is the tens digit of 238270?
7
What is the hundreds digit of 442422?
4
What is the hundreds digit of 194970?
9
What is the thousands digit of 454454?
4
What is the thousands digit of 2322918?
2
What is the units digit of 8613462?
2
What is the hundreds digit of 7424356?
3
What is the thousands digit of 6398840?
8
What is the ten thousands digit of 5140828?
4
What is the thousands digit of 2743185?
3
What is the ten thousands digit of 813373?
1
What is the hundreds digit of 3195058?
0
What is the ten thousands digit of 362438?
6
What is the tens digit of 20069233?
3
What is the units digit of 367189?
9
What is the hundred thousands digit of 1090527?
0
What is the tens digit of 2644545?
4
What is the thousands digit of 2835970?
5
What is the millions digit of 5515356?
5
What is the tens digit of 1919198?
9
What is the tens digit of 26166692?
9
What is the ten thousands digit of 414996?
1
What is the ten thousands digit of 1833615?
3
What is the hundreds digit of 654587?
5
What is the tens digit of 1714834?
3
What is the ten thousands digit of 26644?
2
What is the ten thousands digit of 3957867?
5
What is the hundreds digit of 2334233?
2
What is the ten thousands digit of 14995961?
9
What is the thousands digit of 274243?
4
What is the hundreds digit of 288063?
0
What is the tens digit of 25772?
7
What is the hundreds digit of 15999175?
1
What is the hundreds digit of 587594?
5
What is the millions digit of 1422403?
1
What is the tens digit of 351160?
6
What is the hundreds digit of 654204?
2
What is the hundreds digit of 148276?
2
What is the hundred thousands digit of 220459?
2
What is the units digit of 7922106?
6
What is the hundreds digit of 686093?
0
What is the units digit of 128904?
4
What is the thousands digit of 831130?
1
What is the units digit of 15721402?
2
What is the units digit of 4791957?
7
What is the thousands digit of 4457362?
7
What is the units digit of 174772?
2
What is the tens digit of 1148352?
5
What is the thousands digit of 940186?
0
What is the tens digit of 352816?
1
What is the hundreds digit of 224250?
2
What is the hundred thousands digit of 962391?
9
What is the hundreds digit of 43424?
4
What is the hundreds digit of 328829?
8
What is the millions digit of 9519772?
9
What is the thousands digit of 445462?
5
What is the tens digit of 13530730?
3
What is the thousands digit of 615404?
5
What is the tens digit of 11199991?
9
What is the tens digit of 1633299?
9
What is the tens digit of 1618109?
0
What is the thousands digit of 265343?
5
What is the hundred thousands digit of 1475385?
4
What is the units digit of 1253802?
2
What is the tens digit of 9363893?
9
What is the tens digit of 2426008?
0
What is the millions digit of 1448146?
1
What is the hundreds digit of 13775098?
0
What is the hundred thousands digit of 502727?
5
What is the tens digit of 1157899?
9
What is the units digit of 8551801?
1
What is the millions digit of 1602995?
1
What is the hundred thousands digit of 10019696?
0
What is the hundred thousands digit of 115108?
1
What is the tens digit of 688893?
9
What is the units digit of 4929975?
5
What is the tens digit of 99600?
0
What is the hundreds digit of 5212160?
1
What is the tens digit of 696166?
6
What is the thousands digit of 14914245?
4
What is the hundred thousands digit of 9125036?
1
What is the thousands digit of 452935?
2
What is the hundred thousands digit of 715586?
7
What is the hundred thousands digit of 9904284?
9
What is the hundred thousands digit of 3237500?
2
What is the hundred thousands digit of 3474331?
4
What is the tens digit of 1563446?
4
What is the ten millions digit of 14095204?
1
What is the units digit of 239007?
7
What is the hundreds digit of 935768?
7
What is the thousands digit of 8111054?
1
What is the thousands digit of 7246?
7
What is the hundred thousands digit of 868529?
8
What 